 factors of 40530.
2, 3, 5, 7, 193
What are the prime factors of 4779?
3, 59
List the prime factors of 6945.
3, 5, 463
List the prime factors of 39998.
2, 7, 2857
What are the prime factors of 3324?
2, 3, 277
What are the prime factors of 1326?
2, 3, 13, 17
What are the prime factors of 10674?
2, 3, 593
List the prime factors of 124841.
127, 983
What are the prime factors of 1544?
2, 193
List the prime factors of 31.
31
List the prime factors of 55712.
2, 1741
List the prime factors of 3856.
2, 241
List the prime factors of 55843.
55843
List the prime factors of 905.
5, 181
List the prime factors of 211.
211
What are the prime factors of 1311?
3, 19, 23
List the prime factors of 1059.
3, 353
What are the prime factors of 2435?
5, 487
List the prime factors of 5900.
2, 5, 59
List the prime factors of 1051.
1051
List the prime factors of 39655.
5, 7, 11, 103
What are the prime factors of 428?
2, 107
What are the prime factors of 28759?
28759
What are the prime factors of 28620?
2, 3, 5, 53
What are the prime factors of 15066?
2, 3, 31
List the prime factors of 123514.
2, 61757
List the prime factors of 154.
2, 7, 11
List the prime factors of 10364.
2, 2591
What are the prime factors of 3092?
2, 773
List the prime factors of 81403.
7, 29, 401
What are the prime factors of 1088?
2, 17
List the prime factors of 15736.
2, 7, 281
List the prime factors of 1389.
3, 463
What are the prime factors of 1714?
2, 857
List the prime factors of 2281.
2281
List the prime factors of 2304.
2, 3
What are the prime factors of 34808?
2, 19, 229
What are the prime factors of 48190?
2, 5, 61, 79
List the prime factors of 3226.
2, 1613
List the prime factors of 805.
5, 7, 23
What are the prime factors of 1458?
2, 3
List the prime factors of 58367.
58367
What are the prime factors of 5832?
2, 3
What are the prime factors of 1112?
2, 139
List the prime factors of 41827.
151, 277
What are the prime factors of 96177?
3, 32059
What are the prime factors of 785?
5, 157
List the prime factors of 1156.
2, 17
What are the prime factors of 1040?
2, 5, 13
What are the prime factors of 110864?
2, 13, 41
List the prime factors of 1861.
1861
What are the prime factors of 7062?
2, 3, 11, 107
What are the prime factors of 47355?
3, 5, 7, 11, 41
What are the prime factors of 71083?
31, 2293
List the prime factors of 6976.
2, 109
What are the prime factors of 4719?
3, 11, 13
What are the prime factors of 57864?
2, 3, 2411
List the prime factors of 24985.
5, 19, 263
List the prime factors of 2348.
2, 587
List the prime factors of 40610.
2, 5, 31, 131
List the prime factors of 23760.
2, 3, 5, 11
List the prime factors of 409.
409
What are the prime factors of 31634?
2, 15817
What are the prime factors of 3576?
2, 3, 149
List the prime factors of 24721.
59, 419
What are the prime factors of 12297?
3, 4099
List the prime factors of 1051.
1051
List the prime factors of 49018.
2, 24509
List the prime factors of 15641.
15641
List the prime factors of 1377.
3, 17
What are the prime factors of 22518?
2, 3, 139
List the prime factors of 43219.
11, 3929
What are the prime factors of 25309?
25309
List the prime factors of 6558.
2, 3, 1093
What are the prime factors of 1397?
11, 127
List the prime factors of 51275.
5, 7, 293
What are the prime factors of 2382?
2, 3, 397
What are the prime factors of 2552?
2, 11, 29
What are the prime factors of 1054?
2, 17, 31
List the prime factors of 19280.
2, 5, 241
List the prime factors of 1050.
2, 3, 5, 7
List the prime factors of 3452.
2, 863
What are the prime factors of 2399?
2399
List the prime factors of 737.
11, 67
List the prime factors of 7333.
7333
What are the prime factors of 145567?
23, 6329
List the prime factors of 1465.
5, 293
What are the prime factors of 6256?
2, 17, 23
List the prime factors of 42502.
2, 79, 269
List the prime factors of 10085.
5, 2017
What are the prime factors of 1235?
5, 13, 19
List the prime factors of 12674.
2, 6337
What are the prime factors of 13062?
2, 3, 7, 311
What are the prime factors of 562?
2, 281
What are the prime factors of 12928?
2, 101
List the prime factors of 45303.
3, 15101
What are the prime factors of 99731?
19, 29, 181
What are the prime factors of 871?
13, 67
List the prime factors of 3586.
2, 11, 163
What are the prime factors of 4406?
2, 2203
List the prime factors of 5159.
7, 11, 67
List the prime factors of 1381.
1381
List the prime factors of 34270.
2, 5, 23, 149
List the prime factors of 4919.
4919
What are the prime factors of 11357?
41, 277
List the prime factors of 272.
2, 17
What are the prime factors of 135029?
135029
List the prime factors of 15691.
13, 17, 71
List the prime factors of 65916.
2, 3, 1831
What are the prime factors of 41836?
2, 10459
What are the prime factors of 741?
3, 13, 19
What are the prime factors of 2638?
2, 1319
What are the prime factors of 39634?
2, 7, 19, 149
What are the prime factors of 1528?
2, 191
List the prime factors of 10687.
10687
What are the prime factors of 50472?
2, 3, 701
What are the prime factors of 1532?
2, 383
List the prime factors of 47714.
2, 23857
What are the prime factors of 7725?
3, 5, 103
What are the prime factors of 2479?
37, 67
What are the prime factors of 49789?
49789
List the prime factors of 21111.
3, 31, 227
List the prime factors of 697.
17, 41
What are the prime factors of 1762?
2, 881
List the prime factors of 1950.
2, 3, 5, 13
What are the prime factors of 739?
739
What are the prime factors of 3118?
2, 1559
What are the prime factors of 57?
3, 19
List the prime factors of 1053.
3, 13
What are the prime factors of 7307?
7307
What are the prime factors of 27962?
2, 11, 31, 41
What are the prime factors of 105379?
105379
What are the prime factors of 80030?
2, 5, 53, 151
What are the prime factors of 877?
877
What are the prime factors of 28225?
5, 1129
List the prime factors of 344.
2, 43
What are the prime factors of 11019?
3, 3673
What are the prime factors of 80889?
3, 59, 457
What are the prime factors of 1825?
5, 73
List the prime factors of 2133.
3, 79
What are the prime factors of 2842?
2, 7, 29
What are the prime factors of 163819?
163819
List the prime factors of 1005.
3, 5, 67
List the prime factors of 125.
5
List the prime factors of 1691.
19, 89
List the prime factors of 7544.
2, 23, 41
What are the prime factors of 19254?
2, 3, 3209
What are the prime factors of 60706?
2, 127, 239
What are the prime factors of 1132?
2, 283
What are the prime factors of 78212?
2, 19553
List the prime factors of 11967.
3, 3989
List the prime factors of 2286.
2, 3, 127
What are the prime factors of 54633?
3, 18211
What are the prime factors of 11929?
79, 151
List the prime factors of 3214.
2, 1607
List the prime factors of 2900.
2, 5, 29
What are the prime factors of 784?
2, 7
What are the prime factors of 42583?
97, 439
What are the prime factors of 3417?
3, 17, 67
What are the prime factors of 10639?
10639
List the prime factors of 16200.
2, 3, 5
List the prime factors of 5669.
5669
What are the prime factors of 12932?
2, 53, 61
What are the prime factors of 14289?
3, 11, 433
What are the prime factors of 4105?
5, 821
What are the prime factors of 2186?
2, 1093
List the prime factors of 552.
2, 3, 23
List the prime factors of 1787.
1787
What are the prime factors of 1823?
1823
List the prime factors of 6676.
2, 1669
What are the prime factors of 3631?
3631
What are the prime factors of 3668?
2, 7, 131
What are the prime factors of 5741?
5741
List the prime factors of 4510.
2, 5, 11, 41
What are the prime factors of 11312?
2, 7, 101
What are the prime factors of 29375?
5, 47
What are the prime factors of 9851?
9851
What are the prime factors of 891?
3, 11
What are the prime factors of 11798?
2, 17, 347
List the prime factors of 9247.
7, 1321
List the prime factors of 670.
2, 5, 67
List the prime factors of 11898.
2, 3, 661
What are the prime factors of 1040?
2, 5, 13
List the prime factors of 750.
2, 3, 5
List the prime factors of 6076.
2, 7, 31
List the prime factors of 4738.
2, 23, 103
What are the prime factors of 1114?
2, 557
What are the prime factors of 9997?
13, 769
List the prime factors of 3433.
3433
List the prime factors of 49851.
3, 29, 191
What are the prime factors of 49015?
5, 9803
What are the prime factors of